883 divide 2552638661?
False
Is 513 a factor of 29251260?
True
Is 79658272 a multiple of 16?
True
Is 123096186 a multiple of 9?
True
Is 1247043339 a multiple of 173?
True
Is 71143545 a multiple of 11?
True
Is 9841056 a multiple of 24?
True
Is 3197 a factor of 132995200?
True
Is 1090358362 a multiple of 12?
False
Is 10 a factor of 60521421?
False
Is 380001537 a multiple of 118?
False
Does 15 divide 2631270?
True
Is 773222561 a multiple of 261?
False
Does 26 divide 77213916?
True
Is 136 a factor of 77694005?
False
Does 180 divide 1109526300?
True
Is 86 a factor of 34698403?
False
Is 86 a factor of 30441248?
True
Is 22270839 a multiple of 699?
True
Is 8 a factor of 75859951?
False
Does 960 divide 225850560?
True
Is 250 a factor of 500?
True
Is 7584 a factor of 2009310892?
False
Is 39 a factor of 16746639?
True
Is 653116723 a multiple of 301?
True
Does 24 divide 81354163?
False
Is 939866857 a multiple of 1907?
True
Is 22339385 a multiple of 70?
False
Is 19 a factor of 1224493?
True
Does 261 divide 468806112?
True
Is 573 a factor of 2185780190?
False
Is 8907360 a multiple of 12?
True
Is 33708252 a multiple of 5556?
True
Is 7729920 a multiple of 610?
True
Is 2 a factor of 151672908?
True
Is 1809092725 a multiple of 28?
False
Does 63 divide 45865702?
False
Is 3279 a factor of 31482?
False
Is 405004559 a multiple of 414?
False
Is 2322 a factor of 279877626?
True
Is 759625828 a multiple of 8?
False
Does 32 divide 430757504?
True
Does 68 divide 217206076?
True
Is 160084283 a multiple of 172?
False
Is 1913 a factor of 144663875?
False
Does 147 divide 43111572?
True
Is 65 a factor of 3062620600?
True
Does 127 divide 177417603?
True
Is 4431168 a multiple of 588?
True
Is 5 a factor of 363659085?
True
Is 277 a factor of 1978334?
True
Does 1869 divide 21334397?
False
Is 18620982 a multiple of 122?
True
Is 34422287 a multiple of 24?
False
Is 200171338 a multiple of 956?
False
Is 115422321 a multiple of 133?
True
Is 9828577 a multiple of 1381?
True
Is 67126356 a multiple of 33?
True
Does 154 divide 32521258?
True
Is 45 a factor of 3803947?
False
Is 7821 a factor of 21523392?
True
Is 49399000 a multiple of 7?
True
Is 4 a factor of 40606488?
True
Is 14 a factor of 47460513?
False
Is 77 a factor of 275276463?
True
Is 1238099521 a multiple of 711?
False
Is 179061432 a multiple of 3124?
True
Does 365 divide 1052953802?
False
Is 87 a factor of 3943710?
True
Is 14 a factor of 544246477?
False
Is 42965519 a multiple of 26?
False
Is 7 a factor of 622965?
True
Is 44892544 a multiple of 64?
True
Is 6 a factor of 124075221?
False
Is 100 a factor of 9450662?
False
Is 347932264 a multiple of 346?
False
Is 37 a factor of 55359774?
False
Does 223 divide 15569677?
False
Is 285633648 a multiple of 72?
True
Is 4390 a factor of 350848800?
True
Does 518 divide 14253288?
True
Is 1825462468 a multiple of 30?
False
Is 393208501 a multiple of 2066?
False
Is 90 a factor of 220269?
False
Does 476 divide 68730592?
True
Is 1991 a factor of 188967801?
True
Does 2 divide 18359480?
True
Is 31006185 a multiple of 37?
True
Is 2748 a factor of 69065484?
True
Is 67463775 a multiple of 21?
False
Is 114072600 a multiple of 60?
True
Is 18 a factor of 5513497866?
True
Does 5 divide 96846585?
True
Is 147503025 a multiple of 107?
False
Is 3717 a factor of 65999052?
True
Is 3668 a factor of 785201424?
True
Is 6020 a factor of 1940932280?
True
Is 155758820 a multiple of 10?
True
Does 2488 divide 452602032?
True
Does 7 divide 28316065?
False
Does 101 divide 35275086?
False
Is 1376158 a multiple of 4?
False
Does 33 divide 342960750?
True
Does 15 divide 7022070?
True
Does 15 divide 1767420132?
False
Is 526420800 a multiple of 2780?
True
Does 17 divide 599630268?
False
Is 49557995 a multiple of 2113?
False
Does 19 divide 2657311709?
True
Is 55 a factor of 388627326?
False
Does 17 divide 4097260?
False
Is 1155 a factor of 461633865?
True
Does 1425 divide 144817050?
True
Is 10 a factor of 905583253?
False
Is 52 a factor of 218602696?
True
Does 133 divide 50210293?
True
Does 2521 divide 20059597?
True
Is 9068273 a multiple of 18?
False
Is 647 a factor of 304085205?
False
Is 13 a factor of 17659200?
True
Is 822031200 a multiple of 228?
True
Is 423988660 a multiple of 766?
True
Does 170 divide 220955460?
True
Is 4499448 a multiple of 12?
True
Is 44 a factor of 91265665?
False
Does 70 divide 23751339?
False
Does 206 divide 540851970?
True
Is 30 a factor of 2541282360?
True
Does 3996 divide 401366403?
False
Is 123051498 a multiple of 6?
True
Is 9 a factor of 12189447?
True
Does 1287 divide 101965615?
False
Is 89155515 a multiple of 280?
False
Is 9 a factor of 138083850?
True
Does 5 divide 42383345?
True
Does 9476 divide 1267007532?
True
Is 56190892 a multiple of 59?
True
Does 69 divide 1798902036?
True
Is 19 a factor of 103576350?
False
Does 538 divide 212239924?
True
Is 838359126 a multiple of 422?
True
Is 372936256 a multiple of 608?
True
Is 951996 a multiple of 11?
False
Is 9583 a factor of 584710793?
False
Is 246542044 a multiple of 8?
False
Is 22 a factor of 932734550?
True
Does 2 divide 311252?
True
Is 2410219945 a multiple of 35?
True
Is 186 a factor of 640619044?
False
Does 933 divide 333106870?
False
Is 17 a factor of 27447122?
False
Is 390734906 a multiple of 222?
False
Does 54 divide 69905322?
True
Is 13369980 a multiple of 60?
True
Is 2082382302 a multiple of 49?
True
Is 319440563 even?
False
Does 1016 divide 35682936?
True
Is 10951200 a multiple of 13?
True
Is 28619215 even?
False
Is 25207655 a multiple of 4?
False
Is 265 a factor of 961543323?
False
Is 708 a factor of 923787617?
False
Does 10 divide 154759671?
False
Is 95269634 a multiple of 171?
False
Is 161889050 a multiple of 24?
False
Is 31 a factor of 349053769?
True
Does 275 divide 385036300?
True
Does 17 divide 52417595?
False
Does 1121 divide 4310392294?
False
Is 716241807 a multiple of 44?
False
Does 3 divide 42439583?
False
Does 6 divide 441743947?
False
Is 16 a factor of 1229436326?
False
Is 51530596 a multiple of 335?
False
Is 76 a factor of 139950285?
False
Is 4072596 a multiple of 66?
True
Is 120 a factor of 17429760?
True
Does 223 divide 1611175?
True
Does 79 divide 2415280035?
True
Is 24837080 a multiple of 20?
True
Is 537200369 a multiple of 467?
False
Does 117 divide 16636318?
False
Is 471103532 a multiple of 6?
False
Does 21 divide 46330400?
False
Does 15 divide 20369970?
True
Is 581748800 a multiple of 3035?
True
Does 8 divide 900255?
False
Is 111513091 a multiple of 152?
False
Is 71 a factor of 177597909?
True
Does 20 divide 928752836?
False
Is 161079957 a multiple of 375?
False
Is 57658009 a multiple of 987?
False
Is 228428685 a multiple of 387?
True
Is 398 a factor of 201503420?
True
Does 1456 divide 40566019?
False
Is 23286074 a multiple of 322?
True
Is 2845 a factor of 810982772?
False
Does 181 divide 167577695?
False
Does 2 divide 1919096?
True
Is 306 a factor of 14194733?
False
Does 346 divide 48246914?
False
Does 9 divide 40619907?
True
Is 87 a factor of 3141309?
True
Does 81 divide 35362332?
True
Is 4 a factor of 86327721?
False
Is 15604512 a multiple of 42?
True
Does 6 divide 192481992?
True
Is 990307 a multiple of 21?
False
Does 99 divide 86428066?
False
Is 353 a factor of 73809627?
False
Is 332 a factor of 55427732?
True
Is 68882149 a multiple of 23?
False
Is 3588350519 a multiple of 20?
False
Does 327 divide 11916534?
True
Is 13 a factor of 699613291?
True
Is 6 a factor of 84661?
False
Is 182 a factor of 9016506?
False
Is 5878 a factor of 225503592?
True
Is 97 a factor of 1298273?
False
Does 1798 divide 639573772?
True
Is 593 a factor of 8854518?
False
Is 4174332939 a multiple of 73?
True
Does 8 divide 1025406456?
True
Is 948709342 a multiple of 8486?
True
Is 11643148 a multiple of 532?
False
Is 15 a factor of 2588945178?
False
Is 34845566 a multiple of 2107?
True
Is 3675 a factor of 395790532?
False
Is 6133876 a multiple of 79?
True
Is 1811 a factor of 79323611?
True
Is 268030 a multiple of 35?
True
Is 374270598 a multiple of 13?
True
Is 52 a factor of 68855484?
False
Is 64275736 a multiple of 56?
True
Is 329 a factor of 41025642?
True
Does 74 divide 1037779996?
True
Is 1404 a factor of 102260340?
True
Is 2257696464 a multiple of 4272?
True
Is 5632 a factor of 1105518088?
False
Is 1628384 a multiple of 337?
True
